{"id":41,"date":"2016-05-30T13:04:32","date_gmt":"2016-05-30T11:04:32","guid":{"rendered":"http:\/\/finedesignstockholm.se\/?page_id=41"},"modified":"2025-12-29T14:29:08","modified_gmt":"2025-12-29T13:29:08","slug":"oppettider-kontakt","status":"publish","type":"page","link":"https:\/\/finedesignstockholm.se\/?page_id=41","title":{"rendered":"\u00d6ppettider"},"content":{"rendered":"\n<p><strong>Ordinarie \u00f6ppettider<br><\/strong><em>M\u00e5ndag &#8211; fredag <\/em><strong>Kl 8-16<\/strong><br><em>L\u00f6rdag<\/em> <strong>ST\u00c4NGT<\/strong><br><em>S\u00f6ndag <\/em><strong>ST\u00c4NGT<\/strong><\/p>\n\n\n\n<p><em><strong>Avvikande \u00f6ppettider 2026<br><\/strong><\/em><br><strong>JANUARI<br><\/strong>Ny\u00e5rsdagen, 1\/1<strong> ST\u00c4NGT<br><\/strong>5 januari, 5\/1<strong> Kl 8-12<\/strong><br>Trettondagsafton, 6\/1<strong> ST\u00c4NGT<br><br>APRIL<\/strong><br>Sk\u00e4rtorsdagen, 2\/4 <strong>ST\u00c4NGT<\/strong><br>L\u00e5ngfredagen, 3\/4 <strong>ST\u00c4NGT<\/strong><br>Annandag p\u00e5sk, 6\/4<strong> ST\u00c4NGT<br><\/strong>Valborgsm\u00e4ssoafton, 30\/4 <strong>ST\u00c4NGT<\/strong><br><br><strong>MAJ<\/strong><br>F\u00f6rsta maj, 1\/5<strong> ST\u00c4NGT<\/strong><br>Kristi himmelsf\u00e4rd, 14\/5 <strong>ST\u00c4NGT<\/strong><br><br><strong>JUNI<\/strong><br>Dagen f\u00f6re midsommarafton, 18\/6 <strong>Kl 8-12<br><\/strong>Midsommarafton, 19\/6<strong> ST\u00c4NGT<\/strong><br><br><strong>JULI &#8211; Sommar\u00f6ppet (V.28-31)<\/strong>M\u00e5ndag-fredag<strong> Kl 9-12<br><br>DECEMBER<br><\/strong>Dagen f\u00f6re julafton, 23\/12<strong> Kl 8-12<br><\/strong>Julafton, 24\/12<strong> ST\u00c4NGT<\/strong><br>Juldagen, 25\/12 <strong>ST\u00c4NGT<br><\/strong>Dagen f\u00f6re ny\u00e5rsafton, 30\/12 <strong>Kl 8-12<br><\/strong>Ny\u00e5rsafton, 31\/12<strong> ST\u00c4NGT<\/strong><\/p>\n\n\n\n<p><\/p>\n","protected":false},"excerpt":{"rendered":"<p>Ordinarie \u00f6ppettiderM\u00e5ndag &#8211; fredag Kl 8-16L\u00f6rdag ST\u00c4NGTS\u00f6ndag ST\u00c4NGT Avvikande \u00f6ppettider 2026JANUARINy\u00e5rsdagen, 1\/1 ST\u00c4NGT5 januari, 5\/1 Kl 8-12Trettondagsafton, 6\/1 ST\u00c4NGT APRILSk\u00e4rtorsdagen, 2\/4 ST\u00c4NGTL\u00e5ngfredagen, 3\/4 ST\u00c4NGTAnnandag p\u00e5sk, 6\/4 ST\u00c4NGTValborgsm\u00e4ssoafton, 30\/4 ST\u00c4NGT MAJF\u00f6rsta maj, 1\/5 ST\u00c4NGTKristi himmelsf\u00e4rd, 14\/5 ST\u00c4NGT JUNIDagen f\u00f6re midsommarafton, 18\/6 Kl 8-12Midsommarafton, 19\/6 ST\u00c4NGT JULI &#8211; Sommar\u00f6ppet (V.28-31)M\u00e5ndag-fredag Kl 9-12 DECEMBERDagen f\u00f6re julafton, 23\/12 Kl [&hellip;]<\/p>\n","protected":false},"author":1,"featured_media":0,"parent":0,"menu_order":0,"comment_status":"closed","ping_status":"closed","template":"template-text_map.php","meta":{"footnotes":""},"class_list":["post-41","page","type-page","status-publish","hentry"],"yoast_head":"<!-- This site is optimized with the Yoast SEO Premium plugin v21.8 (Yoast SEO v27.3) - https:\/\/yoast.com\/product\/yoast-seo-premium-wordpress\/ -->\n<title>\u00d6ppettider - Fine Design Stockholm AB<\/title>\n<meta name=\"robots\" content=\"index, follow, max-snippet:-1, max-image-preview:large, max-video-preview:-1\" \/>\n<link rel=\"canonical\" href=\"https:\/\/finedesignstockholm.se\/?page_id=41\" \/>\n<meta property=\"og:locale\" content=\"sv_SE\" \/>\n<meta property=\"og:type\" content=\"article\" \/>\n<meta property=\"og:title\" content=\"\u00d6ppettider\" \/>\n<meta property=\"og:description\" content=\"Ordinarie \u00f6ppettiderM\u00e5ndag &#8211; fredag Kl 8-16L\u00f6rdag ST\u00c4NGTS\u00f6ndag ST\u00c4NGT Avvikande \u00f6ppettider 2026JANUARINy\u00e5rsdagen, 1\/1 ST\u00c4NGT5 januari, 5\/1 Kl 8-12Trettondagsafton, 6\/1 ST\u00c4NGT APRILSk\u00e4rtorsdagen, 2\/4 ST\u00c4NGTL\u00e5ngfredagen, 3\/4 ST\u00c4NGTAnnandag p\u00e5sk, 6\/4 ST\u00c4NGTValborgsm\u00e4ssoafton, 30\/4 ST\u00c4NGT MAJF\u00f6rsta maj, 1\/5 ST\u00c4NGTKristi himmelsf\u00e4rd, 14\/5 ST\u00c4NGT JUNIDagen f\u00f6re midsommarafton, 18\/6 Kl 8-12Midsommarafton, 19\/6 ST\u00c4NGT JULI &#8211; Sommar\u00f6ppet (V.28-31)M\u00e5ndag-fredag Kl 9-12 DECEMBERDagen f\u00f6re julafton, 23\/12 Kl [&hellip;]\" \/>\n<meta property=\"og:url\" content=\"https:\/\/finedesignstockholm.se\/?page_id=41\" \/>\n<meta property=\"og:site_name\" content=\"Fine Design Stockholm AB\" \/>\n<meta property=\"article:modified_time\" content=\"2025-12-29T13:29:08+00:00\" \/>\n<meta name=\"twitter:card\" content=\"summary_large_image\" \/>\n<meta name=\"twitter:label1\" content=\"Ber\u00e4knad l\u00e4stid\" \/>\n\t<meta name=\"twitter:data1\" content=\"1 minut\" \/>\n<script type=\"application\/ld+json\" class=\"yoast-schema-graph\">{\"@context\":\"https:\\\/\\\/schema.org\",\"@graph\":[{\"@type\":\"WebPage\",\"@id\":\"https:\\\/\\\/finedesignstockholm.se\\\/?page_id=41\",\"url\":\"https:\\\/\\\/finedesignstockholm.se\\\/?page_id=41\",\"name\":\"\u00d6ppettider - Fine Design Stockholm AB\",\"isPartOf\":{\"@id\":\"https:\\\/\\\/finedesignstockholm.se\\\/#website\"},\"datePublished\":\"2016-05-30T11:04:32+00:00\",\"dateModified\":\"2025-12-29T13:29:08+00:00\",\"breadcrumb\":{\"@id\":\"https:\\\/\\\/finedesignstockholm.se\\\/?page_id=41#breadcrumb\"},\"inLanguage\":\"sv-SE\",\"potentialAction\":[{\"@type\":\"ReadAction\",\"target\":[\"https:\\\/\\\/finedesignstockholm.se\\\/?page_id=41\"]}]},{\"@type\":\"BreadcrumbList\",\"@id\":\"https:\\\/\\\/finedesignstockholm.se\\\/?page_id=41#breadcrumb\",\"itemListElement\":[{\"@type\":\"ListItem\",\"position\":1,\"name\":\"Hem\",\"item\":\"https:\\\/\\\/finedesignstockholm.se\\\/\"},{\"@type\":\"ListItem\",\"position\":2,\"name\":\"\u00d6ppettider\"}]},{\"@type\":\"WebSite\",\"@id\":\"https:\\\/\\\/finedesignstockholm.se\\\/#website\",\"url\":\"https:\\\/\\\/finedesignstockholm.se\\\/\",\"name\":\"Fine Design Stockholm AB\",\"description\":\"\",\"potentialAction\":[{\"@type\":\"SearchAction\",\"target\":{\"@type\":\"EntryPoint\",\"urlTemplate\":\"https:\\\/\\\/finedesignstockholm.se\\\/?s={search_term_string}\"},\"query-input\":{\"@type\":\"PropertyValueSpecification\",\"valueRequired\":true,\"valueName\":\"search_term_string\"}}],\"inLanguage\":\"sv-SE\"}]}<\/script>\n<!-- \/ Yoast SEO Premium plugin. -->","yoast_head_json":{"title":"\u00d6ppettider - Fine Design Stockholm AB","robots":{"index":"index","follow":"follow","max-snippet":"max-snippet:-1","max-image-preview":"max-image-preview:large","max-video-preview":"max-video-preview:-1"},"canonical":"https:\/\/finedesignstockholm.se\/?page_id=41","og_locale":"sv_SE","og_type":"article","og_title":"\u00d6ppettider","og_description":"Ordinarie \u00f6ppettiderM\u00e5ndag &#8211; fredag Kl 8-16L\u00f6rdag ST\u00c4NGTS\u00f6ndag ST\u00c4NGT Avvikande \u00f6ppettider 2026JANUARINy\u00e5rsdagen, 1\/1 ST\u00c4NGT5 januari, 5\/1 Kl 8-12Trettondagsafton, 6\/1 ST\u00c4NGT APRILSk\u00e4rtorsdagen, 2\/4 ST\u00c4NGTL\u00e5ngfredagen, 3\/4 ST\u00c4NGTAnnandag p\u00e5sk, 6\/4 ST\u00c4NGTValborgsm\u00e4ssoafton, 30\/4 ST\u00c4NGT MAJF\u00f6rsta maj, 1\/5 ST\u00c4NGTKristi himmelsf\u00e4rd, 14\/5 ST\u00c4NGT JUNIDagen f\u00f6re midsommarafton, 18\/6 Kl 8-12Midsommarafton, 19\/6 ST\u00c4NGT JULI &#8211; Sommar\u00f6ppet (V.28-31)M\u00e5ndag-fredag Kl 9-12 DECEMBERDagen f\u00f6re julafton, 23\/12 Kl [&hellip;]","og_url":"https:\/\/finedesignstockholm.se\/?page_id=41","og_site_name":"Fine Design Stockholm AB","article_modified_time":"2025-12-29T13:29:08+00:00","twitter_card":"summary_large_image","twitter_misc":{"Ber\u00e4knad l\u00e4stid":"1 minut"},"schema":{"@context":"https:\/\/schema.org","@graph":[{"@type":"WebPage","@id":"https:\/\/finedesignstockholm.se\/?page_id=41","url":"https:\/\/finedesignstockholm.se\/?page_id=41","name":"\u00d6ppettider - Fine Design Stockholm AB","isPartOf":{"@id":"https:\/\/finedesignstockholm.se\/#website"},"datePublished":"2016-05-30T11:04:32+00:00","dateModified":"2025-12-29T13:29:08+00:00","breadcrumb":{"@id":"https:\/\/finedesignstockholm.se\/?page_id=41#breadcrumb"},"inLanguage":"sv-SE","potentialAction":[{"@type":"ReadAction","target":["https:\/\/finedesignstockholm.se\/?page_id=41"]}]},{"@type":"BreadcrumbList","@id":"https:\/\/finedesignstockholm.se\/?page_id=41#breadcrumb","itemListElement":[{"@type":"ListItem","position":1,"name":"Hem","item":"https:\/\/finedesignstockholm.se\/"},{"@type":"ListItem","position":2,"name":"\u00d6ppettider"}]},{"@type":"WebSite","@id":"https:\/\/finedesignstockholm.se\/#website","url":"https:\/\/finedesignstockholm.se\/","name":"Fine Design Stockholm AB","description":"","potentialAction":[{"@type":"SearchAction","target":{"@type":"EntryPoint","urlTemplate":"https:\/\/finedesignstockholm.se\/?s={search_term_string}"},"query-input":{"@type":"PropertyValueSpecification","valueRequired":true,"valueName":"search_term_string"}}],"inLanguage":"sv-SE"}]}},"_links":{"self":[{"href":"https:\/\/finedesignstockholm.se\/index.php?rest_route=\/wp\/v2\/pages\/41","targetHints":{"allow":["GET"]}}],"collection":[{"href":"https:\/\/finedesignstockholm.se\/index.php?rest_route=\/wp\/v2\/pages"}],"about":[{"href":"https:\/\/finedesignstockholm.se\/index.php?rest_route=\/wp\/v2\/types\/page"}],"author":[{"embeddable":true,"href":"https:\/\/finedesignstockholm.se\/index.php?rest_route=\/wp\/v2\/users\/1"}],"replies":[{"embeddable":true,"href":"https:\/\/finedesignstockholm.se\/index.php?rest_route=%2Fwp%2Fv2%2Fcomments&post=41"}],"version-history":[{"count":5,"href":"https:\/\/finedesignstockholm.se\/index.php?rest_route=\/wp\/v2\/pages\/41\/revisions"}],"predecessor-version":[{"id":2049,"href":"https:\/\/finedesignstockholm.se\/index.php?rest_route=\/wp\/v2\/pages\/41\/revisions\/2049"}],"wp:attachment":[{"href":"https:\/\/finedesignstockholm.se\/index.php?rest_route=%2Fwp%2Fv2%2Fmedia&parent=41"}],"curies":[{"name":"wp","href":"https:\/\/api.w.org\/{rel}","templated":true}]}}