{"id":243,"date":"2016-06-15T10:00:21","date_gmt":"2016-06-15T08:00:21","guid":{"rendered":"http:\/\/finedesignstockholm.se\/?post_type=product&#038;p=243"},"modified":"2017-02-17T10:11:28","modified_gmt":"2017-02-17T09:11:28","slug":"iitala-kivi-gra","status":"publish","type":"product","link":"https:\/\/finedesignstockholm.se\/?product=iitala-kivi-gra","title":{"rendered":"IITTALA KIVI GR\u00c5"},"content":{"rendered":"","protected":false},"excerpt":{"rendered":"<p class=\"p1\"><span class=\"s1\">V\u00e4rmeljuslykta i gr\u00e5tt gals<\/span><\/p>\n<p class=\"p1\"><span class=\"s1\"><strong>Varum\u00e4rke:<\/strong>\u00a0Iittala<br \/>\n<strong>Design:<\/strong> Heikki Orvola<\/span><\/p>\n<p class=\"p1\"><span class=\"s1\"><strong>M\u00e5tt:<\/strong><br \/>\nH\u00f6jd: 6 cm<\/span><\/p>\n<p class=\"p1\"><em><span class=\"s1\">Hyrpris baserat p\u00e5 1-dygn, veckopris offereras!<\/span><\/em><\/p>\n","protected":false},"featured_media":638,"comment_status":"open","ping_status":"closed","template":"","meta":[],"product_brand":[],"product_cat":[9,10],"product_tag":[],"class_list":{"0":"post-243","1":"product","2":"type-product","3":"status-publish","4":"has-post-thumbnail","6":"product_cat-dekor","7":"product_cat-dekoration","9":"first","10":"instock","11":"taxable","12":"shipping-taxable","13":"purchasable","14":"product-type-simple"},"bundle_layout":"","bundled_by":[],"bundled_items":[],"yoast_head":"<!-- This site is optimized with the Yoast SEO Premium plugin v21.8 (Yoast SEO v27.5) - https:\/\/yoast.com\/product\/yoast-seo-premium-wordpress\/ -->\n<title>IITTALA KIVI GR\u00c5 - Fine Design Stockholm AB<\/title>\n<meta name=\"robots\" content=\"index, follow, max-snippet:-1, max-image-preview:large, max-video-preview:-1\" \/>\n<link rel=\"canonical\" href=\"https:\/\/finedesignstockholm.se\/?product=iitala-kivi-gra\" \/>\n<meta property=\"og:locale\" content=\"sv_SE\" \/>\n<meta property=\"og:type\" content=\"article\" \/>\n<meta property=\"og:title\" content=\"IITTALA KIVI GR\u00c5\" \/>\n<meta property=\"og:description\" content=\"V\u00e4rmeljuslykta i gr\u00e5tt gals Varum\u00e4rke:\u00a0Iittala Design: Heikki Orvola M\u00e5tt: H\u00f6jd: 6 cm Hyrpris baserat p\u00e5 1-dygn, veckopris offereras!\" \/>\n<meta property=\"og:url\" content=\"https:\/\/finedesignstockholm.se\/?product=iitala-kivi-gra\" \/>\n<meta property=\"og:site_name\" content=\"Fine Design Stockholm AB\" \/>\n<meta property=\"article:modified_time\" content=\"2017-02-17T09:11:28+00:00\" \/>\n<meta property=\"og:image\" content=\"https:\/\/finedesignstockholm.se\/wp-content\/uploads\/sites\/3\/2016\/06\/Iittala-Kivi-Gr\u00e5-1-e1479902243869.png\" \/>\n\t<meta property=\"og:image:width\" content=\"956\" \/>\n\t<meta property=\"og:image:height\" content=\"951\" \/>\n\t<meta property=\"og:image:type\" content=\"image\/png\" \/>\n<meta name=\"twitter:card\" content=\"summary_large_image\" \/>\n<script type=\"application\/ld+json\" class=\"yoast-schema-graph\">{\"@context\":\"https:\\\/\\\/schema.org\",\"@graph\":[{\"@type\":\"WebPage\",\"@id\":\"https:\\\/\\\/finedesignstockholm.se\\\/?product=iitala-kivi-gra\",\"url\":\"https:\\\/\\\/finedesignstockholm.se\\\/?product=iitala-kivi-gra\",\"name\":\"IITTALA KIVI GR\u00c5 - Fine Design Stockholm AB\",\"isPartOf\":{\"@id\":\"https:\\\/\\\/finedesignstockholm.se\\\/#website\"},\"primaryImageOfPage\":{\"@id\":\"https:\\\/\\\/finedesignstockholm.se\\\/?product=iitala-kivi-gra#primaryimage\"},\"image\":{\"@id\":\"https:\\\/\\\/finedesignstockholm.se\\\/?product=iitala-kivi-gra#primaryimage\"},\"thumbnailUrl\":\"https:\\\/\\\/finedesignstockholm.se\\\/wp-content\\\/uploads\\\/sites\\\/3\\\/2016\\\/06\\\/Iittala-Kivi-Gr\u00e5-1-e1479902243869.png\",\"datePublished\":\"2016-06-15T08:00:21+00:00\",\"dateModified\":\"2017-02-17T09:11:28+00:00\",\"breadcrumb\":{\"@id\":\"https:\\\/\\\/finedesignstockholm.se\\\/?product=iitala-kivi-gra#breadcrumb\"},\"inLanguage\":\"sv-SE\",\"potentialAction\":[{\"@type\":\"ReadAction\",\"target\":[\"https:\\\/\\\/finedesignstockholm.se\\\/?product=iitala-kivi-gra\"]}]},{\"@type\":\"ImageObject\",\"inLanguage\":\"sv-SE\",\"@id\":\"https:\\\/\\\/finedesignstockholm.se\\\/?product=iitala-kivi-gra#primaryimage\",\"url\":\"https:\\\/\\\/finedesignstockholm.se\\\/wp-content\\\/uploads\\\/sites\\\/3\\\/2016\\\/06\\\/Iittala-Kivi-Gr\u00e5-1-e1479902243869.png\",\"contentUrl\":\"https:\\\/\\\/finedesignstockholm.se\\\/wp-content\\\/uploads\\\/sites\\\/3\\\/2016\\\/06\\\/Iittala-Kivi-Gr\u00e5-1-e1479902243869.png\",\"width\":956,\"height\":951},{\"@type\":\"BreadcrumbList\",\"@id\":\"https:\\\/\\\/finedesignstockholm.se\\\/?product=iitala-kivi-gra#breadcrumb\",\"itemListElement\":[{\"@type\":\"ListItem\",\"position\":1,\"name\":\"Hem\",\"item\":\"https:\\\/\\\/finedesignstockholm.se\\\/\"},{\"@type\":\"ListItem\",\"position\":2,\"name\":\"Sortiment att hyra\",\"item\":\"https:\\\/\\\/finedesignstockholm.se\\\/?page_id=35\"},{\"@type\":\"ListItem\",\"position\":3,\"name\":\"IITTALA KIVI GR\u00c5\"}]},{\"@type\":\"WebSite\",\"@id\":\"https:\\\/\\\/finedesignstockholm.se\\\/#website\",\"url\":\"https:\\\/\\\/finedesignstockholm.se\\\/\",\"name\":\"Fine Design Stockholm AB\",\"description\":\"\",\"potentialAction\":[{\"@type\":\"SearchAction\",\"target\":{\"@type\":\"EntryPoint\",\"urlTemplate\":\"https:\\\/\\\/finedesignstockholm.se\\\/?s={search_term_string}\"},\"query-input\":{\"@type\":\"PropertyValueSpecification\",\"valueRequired\":true,\"valueName\":\"search_term_string\"}}],\"inLanguage\":\"sv-SE\"}]}<\/script>\n<!-- \/ Yoast SEO Premium plugin. -->","yoast_head_json":{"title":"IITTALA KIVI GR\u00c5 - Fine Design Stockholm AB","robots":{"index":"index","follow":"follow","max-snippet":"max-snippet:-1","max-image-preview":"max-image-preview:large","max-video-preview":"max-video-preview:-1"},"canonical":"https:\/\/finedesignstockholm.se\/?product=iitala-kivi-gra","og_locale":"sv_SE","og_type":"article","og_title":"IITTALA KIVI GR\u00c5","og_description":"V\u00e4rmeljuslykta i gr\u00e5tt gals Varum\u00e4rke:\u00a0Iittala Design: Heikki Orvola M\u00e5tt: H\u00f6jd: 6 cm Hyrpris baserat p\u00e5 1-dygn, veckopris offereras!","og_url":"https:\/\/finedesignstockholm.se\/?product=iitala-kivi-gra","og_site_name":"Fine Design Stockholm AB","article_modified_time":"2017-02-17T09:11:28+00:00","og_image":[{"width":956,"height":951,"url":"https:\/\/finedesignstockholm.se\/wp-content\/uploads\/sites\/3\/2016\/06\/Iittala-Kivi-Gr\u00e5-1-e1479902243869.png","type":"image\/png"}],"twitter_card":"summary_large_image","schema":{"@context":"https:\/\/schema.org","@graph":[{"@type":"WebPage","@id":"https:\/\/finedesignstockholm.se\/?product=iitala-kivi-gra","url":"https:\/\/finedesignstockholm.se\/?product=iitala-kivi-gra","name":"IITTALA KIVI GR\u00c5 - Fine Design Stockholm AB","isPartOf":{"@id":"https:\/\/finedesignstockholm.se\/#website"},"primaryImageOfPage":{"@id":"https:\/\/finedesignstockholm.se\/?product=iitala-kivi-gra#primaryimage"},"image":{"@id":"https:\/\/finedesignstockholm.se\/?product=iitala-kivi-gra#primaryimage"},"thumbnailUrl":"https:\/\/finedesignstockholm.se\/wp-content\/uploads\/sites\/3\/2016\/06\/Iittala-Kivi-Gr\u00e5-1-e1479902243869.png","datePublished":"2016-06-15T08:00:21+00:00","dateModified":"2017-02-17T09:11:28+00:00","breadcrumb":{"@id":"https:\/\/finedesignstockholm.se\/?product=iitala-kivi-gra#breadcrumb"},"inLanguage":"sv-SE","potentialAction":[{"@type":"ReadAction","target":["https:\/\/finedesignstockholm.se\/?product=iitala-kivi-gra"]}]},{"@type":"ImageObject","inLanguage":"sv-SE","@id":"https:\/\/finedesignstockholm.se\/?product=iitala-kivi-gra#primaryimage","url":"https:\/\/finedesignstockholm.se\/wp-content\/uploads\/sites\/3\/2016\/06\/Iittala-Kivi-Gr\u00e5-1-e1479902243869.png","contentUrl":"https:\/\/finedesignstockholm.se\/wp-content\/uploads\/sites\/3\/2016\/06\/Iittala-Kivi-Gr\u00e5-1-e1479902243869.png","width":956,"height":951},{"@type":"BreadcrumbList","@id":"https:\/\/finedesignstockholm.se\/?product=iitala-kivi-gra#breadcrumb","itemListElement":[{"@type":"ListItem","position":1,"name":"Hem","item":"https:\/\/finedesignstockholm.se\/"},{"@type":"ListItem","position":2,"name":"Sortiment att hyra","item":"https:\/\/finedesignstockholm.se\/?page_id=35"},{"@type":"ListItem","position":3,"name":"IITTALA KIVI GR\u00c5"}]},{"@type":"WebSite","@id":"https:\/\/finedesignstockholm.se\/#website","url":"https:\/\/finedesignstockholm.se\/","name":"Fine Design Stockholm AB","description":"","potentialAction":[{"@type":"SearchAction","target":{"@type":"EntryPoint","urlTemplate":"https:\/\/finedesignstockholm.se\/?s={search_term_string}"},"query-input":{"@type":"PropertyValueSpecification","valueRequired":true,"valueName":"search_term_string"}}],"inLanguage":"sv-SE"}]}},"_links":{"self":[{"href":"https:\/\/finedesignstockholm.se\/index.php?rest_route=\/wp\/v2\/product\/243","targetHints":{"allow":["GET"]}}],"collection":[{"href":"https:\/\/finedesignstockholm.se\/index.php?rest_route=\/wp\/v2\/product"}],"about":[{"href":"https:\/\/finedesignstockholm.se\/index.php?rest_route=\/wp\/v2\/types\/product"}],"replies":[{"embeddable":true,"href":"https:\/\/finedesignstockholm.se\/index.php?rest_route=%2Fwp%2Fv2%2Fcomments&post=243"}],"wp:featuredmedia":[{"embeddable":true,"href":"https:\/\/finedesignstockholm.se\/index.php?rest_route=\/wp\/v2\/media\/638"}],"wp:attachment":[{"href":"https:\/\/finedesignstockholm.se\/index.php?rest_route=%2Fwp%2Fv2%2Fmedia&parent=243"}],"wp:term":[{"taxonomy":"product_brand","embeddable":true,"href":"https:\/\/finedesignstockholm.se\/index.php?rest_route=%2Fwp%2Fv2%2Fproduct_brand&post=243"},{"taxonomy":"product_cat","embeddable":true,"href":"https:\/\/finedesignstockholm.se\/index.php?rest_route=%2Fwp%2Fv2%2Fproduct_cat&post=243"},{"taxonomy":"product_tag","embeddable":true,"href":"https:\/\/finedesignstockholm.se\/index.php?rest_route=%2Fwp%2Fv2%2Fproduct_tag&post=243"}],"curies":[{"name":"wp","href":"https:\/\/api.w.org\/{rel}","templated":true}]}}

IITTALA KIVI GRÅ

<p class="p1"><span class="s1">Värmeljuslykta i grått gals</span></p>
<p class="p1"><span class="s1"><strong>Varumärke:</strong> Iittala<br />
<strong>Design:</strong> Heikki Orvola</span></p>
<p class="p1"><span class="s1"><strong>Mått:</strong><br />
Höjd: 6 cm</span></p>
<p class="p1"><em><span class="s1">Hyrpris baserat på 1-dygn, veckopris offereras!</span></em></p>

<!-- This site is optimized with the Yoast SEO Premium plugin v21.8 (Yoast SEO v27.5) - https://yoast.com/product/yoast-seo-premium-wordpress/ -->
<title>IITTALA KIVI GRÅ - Fine Design Stockholm AB</title>
<meta name="robots" content="index, follow, max-snippet:-1, max-image-preview:large, max-video-preview:-1" />
<link rel="canonical" href="https://finedesignstockholm.se/?product=iitala-kivi-gra" />
<meta property="og:locale" content="sv_SE" />
<meta property="og:type" content="article" />
<meta property="og:title" content="IITTALA KIVI GRÅ" />
<meta property="og:description" content="Värmeljuslykta i grått gals Varumärke: Iittala Design: Heikki Orvola Mått: Höjd: 6 cm Hyrpris baserat på 1-dygn, veckopris offereras!" />
<meta property="og:url" content="https://finedesignstockholm.se/?product=iitala-kivi-gra" />
<meta property="og:site_name" content="Fine Design Stockholm AB" />
<meta property="article:modified_time" content="2017-02-17T09:11:28+00:00" />
<meta property="og:image" content="https://finedesignstockholm.se/wp-content/uploads/sites/3/2016/06/Iittala-Kivi-Grå-1-e1479902243869.png" />
	<meta property="og:image:width" content="956" />
	<meta property="og:image:height" content="951" />
	<meta property="og:image:type" content="image/png" />
<meta name="twitter:card" content="summary_large_image" />
<script type="application/ld+json" class="yoast-schema-graph">{"@context":"https:\/\/schema.org","@graph":[{"@type":"WebPage","@id":"https:\/\/finedesignstockholm.se\/?product=iitala-kivi-gra","url":"https:\/\/finedesignstockholm.se\/?product=iitala-kivi-gra","name":"IITTALA KIVI GRÅ - Fine Design Stockholm AB","isPartOf":{"@id":"https:\/\/finedesignstockholm.se\/#website"},"primaryImageOfPage":{"@id":"https:\/\/finedesignstockholm.se\/?product=iitala-kivi-gra#primaryimage"},"image":{"@id":"https:\/\/finedesignstockholm.se\/?product=iitala-kivi-gra#primaryimage"},"thumbnailUrl":"https:\/\/finedesignstockholm.se\/wp-content\/uploads\/sites\/3\/2016\/06\/Iittala-Kivi-Grå-1-e1479902243869.png","datePublished":"2016-06-15T08:00:21+00:00","dateModified":"2017-02-17T09:11:28+00:00","breadcrumb":{"@id":"https:\/\/finedesignstockholm.se\/?product=iitala-kivi-gra#breadcrumb"},"inLanguage":"sv-SE","potentialAction":[{"@type":"ReadAction","target":["https:\/\/finedesignstockholm.se\/?product=iitala-kivi-gra"]}]},{"@type":"ImageObject","inLanguage":"sv-SE","@id":"https:\/\/finedesignstockholm.se\/?product=iitala-kivi-gra#primaryimage","url":"https:\/\/finedesignstockholm.se\/wp-content\/uploads\/sites\/3\/2016\/06\/Iittala-Kivi-Grå-1-e1479902243869.png","contentUrl":"https:\/\/finedesignstockholm.se\/wp-content\/uploads\/sites\/3\/2016\/06\/Iittala-Kivi-Grå-1-e1479902243869.png","width":956,"height":951},{"@type":"BreadcrumbList","@id":"https:\/\/finedesignstockholm.se\/?product=iitala-kivi-gra#breadcrumb","itemListElement":[{"@type":"ListItem","position":1,"name":"Hem","item":"https:\/\/finedesignstockholm.se\/"},{"@type":"ListItem","position":2,"name":"Sortiment att hyra","item":"https:\/\/finedesignstockholm.se\/?page_id=35"},{"@type":"ListItem","position":3,"name":"IITTALA KIVI GRÅ"}]},{"@type":"WebSite","@id":"https:\/\/finedesignstockholm.se\/#website","url":"https:\/\/finedesignstockholm.se\/","name":"Fine Design Stockholm AB","description":"","potentialAction":[{"@type":"SearchAction","target":{"@type":"EntryPoint","urlTemplate":"https:\/\/finedesignstockholm.se\/?s={search_term_string}"},"query-input":{"@type":"PropertyValueSpecification","valueRequired":true,"valueName":"search_term_string"}}],"inLanguage":"sv-SE"}]}</script>
<!-- / Yoast SEO Premium plugin. -->

IITTALA KIVI GRÅ - Fine Design Stockholm AB

Värmeljuslykta i grått gals Varumärke: Iittala Design: Heikki Orvola Mått: Höjd: 6 cm Hyrpris baserat på 1-dygn, veckopris offereras!

https://finedesignstockholm.se/wp-content/uploads/sites/3/2016/06/Iittala-Kivi-Grå-1-e1479902243869.png
